2 + -41?
121
In base 4, what is 200 + -11332?
-11132
In base 10, what is -36 - -13?
-23
In base 3, what is 2 - 112111?
-112102
In base 2, what is 1 + -101101010?
-101101001
In base 13, what is -3 + -72?
-75
In base 14, what is 1144 - 4?
1140
In base 8, what is -5 + -27?
-34
In base 7, what is 1060 + -5?
1052
In base 10, what is -99 - 4?
-103
In base 5, what is -22344 - -10?
-22334
In base 7, what is -2 + 536?
534
In base 4, what is 2313 + -331?
1322
In base 14, what is 8 + 1a?
24
In base 4, what is -10103 + 11?
-10032
In base 3, what is 10110211222 + 10?
10110212002
In base 9, what is 138 - -5?
144
In base 3, what is -22 + -1010?
-1102
In base 2, what is 10 + -1010001?
-1001111
In base 9, what is 18 + 405?
424
In base 5, what is -3 - -12112?
12104
In base 14, what is 1c - -d?
2b
In base 13, what is 63 - 2?
61
In base 6, what is -502 + 234?
-224
In base 16, what is 3 - f1?
-ee
In base 16, what is -5 + 1a70?
1a6b
In base 10, what is 4 - 71?
-67
In base 12, what is 5 + 358?
361
In base 14, what is -49 + 0?
-49
In base 12, what is 906 + -4?
902
In base 9, what is -3216 - 3?
-3220
In base 11, what is -92 - -5?
-88
In base 5, what is -2 + -20112?
-20114
In base 4, what is -2231 - -21?
-2210
In base 14, what is 2 - 56?
-54
In base 16, what is 0 + -4c7?
-4c7
In base 16, what is -3a - -a?
-30
In base 13, what is 24 - -34b?
372
In base 12, what is a - 12?
-4
In base 11, what is a - 9?
1
In base 5, what is -1301 - -11?
-1240
In base 5, what is 112 + -21?
41
In base 6, what is 2 + -34335?
-34333
In base 11, what is 57 + -24?
33
In base 4, what is 100 + -21?
13
In base 7, what is 5 - 4?
1
In base 2, what is 100 - -1000000?
1000100
In base 16, what is -e - -2ee?
2e0
In base 2, what is -10 - -1000001101?
1000001011
In base 3, what is -2021012 - 12?
-2021101
In base 16, what is 2 - -ff?
101
In base 9, what is 1530 + 5?
1535
In base 2, what is 111111001100 - 0?
111111001100
In base 3, what is -10000 - 200?
-10200
In base 8, what is -3 - 204?
-207
In base 16, what is 3ae - -3?
3b1
In base 13, what is -66 - -2?
-64
In base 5, what is 3 + -231?
-223
In base 15, what is 5 - -16b?
171
In base 13, what is -6 - -32?
29
In base 10, what is -16 + 562?
546
In base 8, what is 5 - -6571?
6576
In base 11, what is 9a + -8?
92
In base 4, what is -12 - 102001?
-102013
In base 16, what is 0 + -18?
-18
In base 15, what is 24ab - -4?
24b0
In base 13, what is -5 - -385?
380
In base 8, what is -62 + 0?
-62
In base 6, what is -3 - -11022?
11015
In base 12, what is -401 + -3?
-404
In base 6, what is 1 + 24500?
24501
In base 4, what is 21302 + -1?
21301
In base 8, what is -1 + 730?
727
In base 7, what is -3 - 2264?
-2300
In base 13, what is -153 + -2?
-155
In base 15, what is d04 - -4?
d08
In base 10, what is 2450 + -3?
2447
In base 2, what is 100 - -1000?
1100
In base 10, what is 7181 + -3?
7178
In base 5, what is -431 - -43?
-333
In base 9, what is -5 + -45?
-51
In base 2, what is -111 + 1000000001?
111111010
In base 8, what is 142 - 4?
136
In base 10, what is 32 - -7?
39
In base 12, what is -3 + 619?
616
In base 16, what is -3 + 17d?
17a
In base 11, what is 78 + -7?
71
In base 10, what is -4 - 1280?
-1284
In base 2, what is 1000111100 - -10000?
1001001100
In base 8, what is 1 - -104?
105
In base 8, what is 0 + -17?
-17
In base 3, what is -10 - -1111?
1101
In base 14, what is -3975 - 2?
-3977
In base 2, what is -101 - -10010?
1101
In base 6, what is -130 + -2?
-132
In base 5, what is 10 + 32?
42
In base 10, what is -5475 - -3?
-5472
In base 4, what is -1121 - 0?
-1121
In base 11, what is -7 + -a0?
-a7
In base 11, what is -7 + 63?
57
In base 12, what is 31 - -9?
3a
In base 6, what is 1144 + -4?
1140
In base 3, what is 110 - -2111?
2221
In base 12, what is 1b - 1a?
1
In base 10, what is -1237 - 9?
-1246
In base 9, what is -4 + -28?
-33
In base 13, what is 84 - -1?
85
In base 5, what is 430 - 0?
430
In base 5, what is 1320 - -100?
1420
In base 9, what is 3 + 38?
42
In base 15, what is 10 + 82?
92
In base 2, what is -100000100 + -111?
-100001011
In base 5, what is -2 - -1010?
1003
In base 12, what is -1796 - 4?
-179a
In base 13, what is 1b + 15?
33
In base 3, what is 2020 + -10?
2010
In base 16, what is -97 - 4?
-9b
In base 13, what is -15c5 + -5?
-15ca
In base 11, what is -453 + -9?
-461
In base 15, what is -68 + -5?
-6d
In base 8, what is -1 + 1013?
1012
In base 4, what is 2210 - 111?
2033
In base 8, what is 3 - -63?
66
In base 8, what is -11 - 37?
-50
In base 16, what is -e + -12?
-20
In base 8, what is 3 + 275?
300
In base 9, what is 1020 - 4?
1015
In base 6, what is -3 + 110?
103
In base 7, what is -5 - 24?
-32
In base 11, what is 3 - -8a8?
900
In base 9, what is 4433 + -4?
4428
In base 10, what is -4 - -98?
94
In base 10, what is -11 + -1?
-12
In base 10, what is -1 - -40?
39
In base 2, what is 100 - 10101?
-10001
In base 9, what is -11 - 33?
-44
In base 8, what is 2 - -52?
54
In base 7, what is -1631 + -4?
-1635
In base 13, what is 5 - -cc?
104
In base 6, what is 1 + 3341?
3342
In base 4, what is -3 + 1031?
1022
In base 12, what is -48 + -15?
-61
In base 10, what is -4784 - -3?
-4781
In base 16, what is 1b + c?
27
In base 9, what is -2 + 42?
40
In base 13, what is -a + -9?
-16
In base 10, what is -41 + 5?
-36
In base 15, what is 4cd + -8?
4c5
In base 14, what is 162 - -33?
195
In base 8, what is 1303 - 5?
1276
In base 3, what is 121000222 - 0?
121000222
In base 16, what is 4 + 36?
3a
In base 11, what is 4 - -a9?
102
In base 2, what is -11000 + -101?
-11101
In base 2, what is 10100 - 11111?
-1011
In base 5, what is 24 - -1?
30
In base 14, what is -254 + 4?
-250
In base 11, what is 8597 + 5?
85a1
In base 16, what is 3 + a?
d
In base 7, what is 11 + -161?
-150
In base 5, what is -1422 - 21?
-1443
In base 7, what is -135 - 12?
-150
In base 2, what is 111 - 1001?
-10
In base 3, what is 2 - -21?
100
In base 9, what is -807 - -3?
-804
In base 3, what is 2112221 - -10?
2120001
In base 7, what is 3 + -44?
-41
In base 7, what is -33 - 35?
-101
In base 7, what is 2 - -164?
166
In base 6, what is -2 - 10005?
-10011
In base 14, what is 4 - -d?
13
In base 4, what is -3 - 2101?
-2110
In base 4, what is -3 + 1300033?
1300030
In base 6, what is -4254 - 4?
-4302
In base 15, what is 2 + 172?
174
In base 14, what is -1015 + -5?
-101a
In base 11, what is 1 - -83?
84
In base 6, what is 3304 - -2?
3310
In base 13, what is 1 - 157?
-156
In base 16, what is -27 - -7?
-20
In base 9, what is -4 - -40?
35
In base 12, what is 177 + 5?
180
In base 12, what is -23 + 91?
6a
In base 16, what is -4 + be?
ba
In base 14, what is -b3 + -5?
-b8
In base 7, what is -212 + 13?
-166
In base 15, what is -446 + c?
-439
In base 6, what is -20 + 54?
34
In base 14, what is 25 + -47?
-22
In base 16, what is -a4 - -18?
-8c
In base 13, what is 4 - 415?
-411
In base 9, what is -17 + 50?
32
In base 5, what is 0 - -2143?
2143
In base 16, what is -1151 - 2?
-1153
In base 5, what is 3 + 202?
210
In base 2, what is 1011010000101101 + -100?
1011010000101001
In base 10, what is -11 - 1?
-12
In base 13, what is -2 + -1466?
-1468
In base 14, what is 2 + 65?
67
In base 15, what is 1a + e5?
110
In base 14, what is -2 + 1d?
1b
In base 5, what is -1140 - -1?
-1134
In base 3, what is 110 - 22021?
-21211
In base 8, what is -12060 - -3?
-12055
In base 9, what is 84 - 6?
77
In base 3, what is 1112201 - 2?
1112122
In base 7, what is -63 - -5?
-55
In base 2, what is 1111 - 10000?
-1
In base 7, what is -515 - 10?
-525
In base 13, what is 1 - -c3?
c4
In base 3, what is -110210 + 10?
-110200
In base 6, what is 11 - -34?
45
In base 11, what is 3 + -1138?
-1135
In base 14, what is -913d - -1?
-913c
In base 10, what is 5 + -176?
-171
In base 5, what is 0 - -231?
231
In base 12, what is 38 + -b1?
-75
In base 2, what is -10 + 10010110111?
10010110101
In base 10, what is 5 + 557?
562
In base 8, what is 140126 - -3?
140131
In base 7, what is -505 + 6?
-466
In base 14, what is -4 - -156?
152
In base 9, what is -1565 - 7?
-1573
In base 10, what is -80 + 47?
-33
In base 16, what is 0 - 5d1?
-5d1
In base 4, what is 1 + -10310?
-10303
In base 8, what is -2040 - 1?
-2041
In base 7, what is -4043 + -3?
-4046
In base 3, what is -10001 + 12?
-2212
In base 9, what is 6 + -1136?
-1130
In base 3, what is -22020200 - 2?
-22020202
In base 5, what is 11404 + 2?
11411